{"id":6,"date":"2025-07-29T22:50:21","date_gmt":"2025-07-29T22:50:21","guid":{"rendered":"http:\/\/jonycardenas.com\/?page_id=6"},"modified":"2025-09-02T20:34:56","modified_gmt":"2025-09-02T20:34:56","slug":"elementor-6","status":"publish","type":"page","link":"https:\/\/jonycardenas.com\/","title":{"rendered":"Inicio"},"content":{"rendered":"\t\t<div data-elementor-type=\"wp-post\" data-elementor-id=\"6\" class=\"elementor elementor-6\">\n\t\t\t\t<div class=\"elementor-element elementor-element-3f367fc e-flex e-con-boxed e-con e-parent\" data-id=\"3f367fc\" data-element_type=\"container\">\n\t\t\t\t\t<div class=\"e-con-inner\">\n\t\t\t\t<div class=\"elementor-element elementor-element-c8a5087 elementor-widget elementor-widget-heading\" data-id=\"c8a5087\" data-element_type=\"widget\" data-widget_type=\"heading.default\">\n\t\t\t\t\t<h2 class=\"elementor-heading-title elementor-size-default\">RESET EXPRESS\u2122<\/h2>\t\t\t\t<\/div>\n\t\t\t\t\t<\/div>\n\t\t\t\t<\/div>\n\t\t<div class=\"elementor-element elementor-element-4182ec4 e-flex e-con-boxed e-con e-parent\" data-id=\"4182ec4\" data-element_type=\"container\">\n\t\t\t\t\t<div class=\"e-con-inner\">\n\t\t\t\t<div class=\"elementor-element elementor-element-9de15a2 elementor-widget elementor-widget-text-editor\" data-id=\"9de15a2\" data-element_type=\"widget\" data-widget_type=\"text-editor.default\">\n\t\t\t\t\t\t\t\t\t<p class=\"p1\"><span class=\"s1\">Enciende tu cuerpo, tu mente y tu energ\u00eda en solo 48h<\/span><\/p><p class=\"p1\"><strong><span class=\"s1\">Sin pagar nada y con garant\u00eda real<\/span><\/strong><\/p>\t\t\t\t\t\t\t\t<\/div>\n\t\t\t\t<div class=\"elementor-element elementor-element-e269e7c elementor-widget elementor-widget-video\" data-id=\"e269e7c\" data-element_type=\"widget\" data-settings=\"{&quot;youtube_url&quot;:&quot;https:\\\/\\\/youtu.be\\\/tKBdZbGjmo4?si=VMdBqgUS-zwH3VRQ&quot;,&quot;video_type&quot;:&quot;youtube&quot;,&quot;controls&quot;:&quot;yes&quot;}\" data-widget_type=\"video.default\">\n\t\t\t\t\t\t\t<div class=\"elementor-wrapper elementor-open-inline\">\n\t\t\t<div class=\"elementor-video\"><\/div>\t\t<\/div>\n\t\t\t\t\t\t<\/div>\n\t\t\t\t\t<\/div>\n\t\t\t\t<\/div>\n\t\t<div class=\"elementor-element elementor-element-d751ed5 e-flex e-con-boxed e-con e-parent\" data-id=\"d751ed5\" data-element_type=\"container\">\n\t\t\t\t\t<div class=\"e-con-inner\">\n\t\t\t\t<div class=\"elementor-element elementor-element-ace3883 elementor-widget elementor-widget-heading\" data-id=\"ace3883\" data-element_type=\"widget\" data-widget_type=\"heading.default\">\n\t\t\t\t\t<h2 class=\"elementor-heading-title elementor-size-default\">\u00bfQu\u00e9 vas a desbloquear en este reto gratuito de 2\nd\u00edas?<\/h2>\t\t\t\t<\/div>\n\t\t\t\t\t<\/div>\n\t\t\t\t<\/div>\n\t\t<div class=\"elementor-element elementor-element-31001a9 e-flex e-con-boxed e-con e-parent\" data-id=\"31001a9\" data-element_type=\"container\">\n\t\t\t\t\t<div class=\"e-con-inner\">\n\t\t\t\t<div class=\"elementor-element elementor-element-bcaa914 elementor-widget elementor-widget-heading\" data-id=\"bcaa914\" data-element_type=\"widget\" data-widget_type=\"heading.default\">\n\t\t\t\t\t<h2 class=\"elementor-heading-title elementor-size-default\"><img decoding=\"async\" role=\"img\" class=\"emoji\" alt=\"\u2705\" src=\"https:\/\/s.w.org\/images\/core\/emoji\/16.0.1\/svg\/2705.svg\"> Un entrenamiento guiado para encender tu cuerpo desde el d\u00eda 1\nNo m\u00e1s rutinas aleatorias. Aqu\u00ed recuperas conexi\u00f3n y enfoque con cada movimiento.<br>\n<img decoding=\"async\" role=\"img\" class=\"emoji\" alt=\"\u2705\" src=\"https:\/\/s.w.org\/images\/core\/emoji\/16.0.1\/svg\/2705.svg\"> Un ejercicio emocional para detectar el bloqueo que te apaga\nEsto no es f\u00edsico solamente. Vas a saber qu\u00e9 parte de ti lleva tiempo apagada.<br>\n<img decoding=\"async\" role=\"img\" class=\"emoji\" alt=\"\u2705\" src=\"https:\/\/s.w.org\/images\/core\/emoji\/16.0.1\/svg\/2705.svg\"> Una activaci\u00f3n mental completa + plan de energ\u00eda para tu semana\nLo aplicas en 15 minutos y sientes el cambio de inmediato.<br>\n<img decoding=\"async\" role=\"img\" class=\"emoji\" alt=\"\u2705\" src=\"https:\/\/s.w.org\/images\/core\/emoji\/16.0.1\/svg\/2705.svg\"> Acceso a WhatsApp grupal y soporte 1:1 real\nEst\u00e1s acompa\u00f1ado por Jony y su equipo durante los 2 d\u00edas. Cero automatizaciones.<br>\n<img decoding=\"async\" role=\"img\" class=\"emoji\" alt=\"\u2705\" src=\"https:\/\/s.w.org\/images\/core\/emoji\/16.0.1\/svg\/2705.svg\"> Llamada de seguimiento con Jony para revisi\u00f3n y pr\u00f3ximos pasos\nEsto no es motivaci\u00f3n. Es transformaci\u00f3n. Y empieza ahora<\/h2>\t\t\t\t<\/div>\n\t\t\t\t<div class=\"elementor-element elementor-element-31948e3 elementor-align-center elementor-widget elementor-widget-button\" data-id=\"31948e3\" data-element_type=\"widget\" data-widget_type=\"button.default\">\n\t\t\t\t\t\t\t\t\t\t<a class=\"elementor-button elementor-button-link elementor-size-sm\" href=\"https:\/\/wa.link\/nxlkyr\">\n\t\t\t\t\t\t<span class=\"elementor-button-content-wrapper\">\n\t\t\t\t\t\t\t\t\t<span class=\"elementor-button-text\">QUIERO HACER EL RESET EN 48H<\/span>\n\t\t\t\t\t<\/span>\n\t\t\t\t\t<\/a>\n\t\t\t\t\t\t\t\t<\/div>\n\t\t\t\t<div class=\"elementor-element elementor-element-106bd78 elementor-widget elementor-widget-spacer\" data-id=\"106bd78\" data-element_type=\"widget\" data-widget_type=\"spacer.default\">\n\t\t\t\t\t\t\t<div class=\"elementor-spacer\">\n\t\t\t<div class=\"elementor-spacer-inner\"><\/div>\n\t\t<\/div>\n\t\t\t\t\t\t<\/div>\n\t\t\t\t<div class=\"elementor-element elementor-element-08e0a38 elementor-widget elementor-widget-heading\" data-id=\"08e0a38\" data-element_type=\"widget\" data-widget_type=\"heading.default\">\n\t\t\t\t\t<h2 class=\"elementor-heading-title elementor-size-default\">\u00bfPara qui\u00e9n es este reto?<\/h2>\t\t\t\t<\/div>\n\t\t\t\t\t<\/div>\n\t\t\t\t<\/div>\n\t\t<div class=\"elementor-element elementor-element-9c20f72 e-flex e-con-boxed e-con e-parent\" data-id=\"9c20f72\" data-element_type=\"container\">\n\t\t\t\t\t<div class=\"e-con-inner\">\n\t\t\t\t<div class=\"elementor-element elementor-element-b46e747 elementor-widget elementor-widget-heading\" data-id=\"b46e747\" data-element_type=\"widget\" data-widget_type=\"heading.default\">\n\t\t\t\t\t<h2 class=\"elementor-heading-title elementor-size-default\"><img decoding=\"async\" role=\"img\" class=\"emoji\" alt=\"\u2705\" src=\"https:\/\/s.w.org\/images\/core\/emoji\/16.0.1\/svg\/2705.svg\"> Para personas que se sienten apagadas, ansiosas o desconectadas<br>\n<img decoding=\"async\" role=\"img\" class=\"emoji\" alt=\"\u2705\" src=\"https:\/\/s.w.org\/images\/core\/emoji\/16.0.1\/svg\/2705.svg\"> Para quienes ya intentaron todo\u2026 menos un sistema emocional y f\u00edsico real<br>\n<img decoding=\"async\" role=\"img\" class=\"emoji\" alt=\"\u2705\" src=\"https:\/\/s.w.org\/images\/core\/emoji\/16.0.1\/svg\/2705.svg\"> Para hombres y mujeres que no quieren teor\u00edas, quieren cambio con gu\u00eda<br>\n<img decoding=\"async\" role=\"img\" class=\"emoji\" alt=\"\u2705\" src=\"https:\/\/s.w.org\/images\/core\/emoji\/16.0.1\/svg\/2705.svg\"> Para los que est\u00e1n hartos de vivir en piloto autom\u00e1tico<\/h2>\t\t\t\t<\/div>\n\t\t\t\t<div class=\"elementor-element elementor-element-426d687 elementor-widget elementor-widget-spacer\" data-id=\"426d687\" data-element_type=\"widget\" data-widget_type=\"spacer.default\">\n\t\t\t\t\t\t\t<div class=\"elementor-spacer\">\n\t\t\t<div class=\"elementor-spacer-inner\"><\/div>\n\t\t<\/div>\n\t\t\t\t\t\t<\/div>\n\t\t\t\t\t<\/div>\n\t\t\t\t<\/div>\n\t\t<div class=\"elementor-element elementor-element-c54e20b e-flex e-con-boxed e-con e-parent\" data-id=\"c54e20b\" data-element_type=\"container\">\n\t\t\t\t\t<div class=\"e-con-inner\">\n\t\t\t\t<div class=\"elementor-element elementor-element-32c6474 elementor-widget elementor-widget-heading\" data-id=\"32c6474\" data-element_type=\"widget\" data-widget_type=\"heading.default\">\n\t\t\t\t\t<h2 class=\"elementor-heading-title elementor-size-default\">\u00bfQui\u00e9n es Jony C\u00e1rdenas?<\/h2>\t\t\t\t<\/div>\n\t\t\t\t<div class=\"elementor-element elementor-element-b4894a5 elementor-widget elementor-widget-heading\" data-id=\"b4894a5\" data-element_type=\"widget\" data-widget_type=\"heading.default\">\n\t\t\t\t\t<h2 class=\"elementor-heading-title elementor-size-default\">No es un coach m\u00e1s.\nJony estuvo roto. Ansiedad, alcoholismo, depresi\u00f3n, incluso pensamientos suicidas.<br>\nHoy lidera un movimiento desde la verdad.\nDesde la calle. Desde la experiencia vivida.<br>\n<img decoding=\"async\" role=\"img\" class=\"emoji\" alt=\"\u2705\" src=\"https:\/\/s.w.org\/images\/core\/emoji\/16.0.1\/svg\/2705.svg\"> +1.000 personas encendidas de nuevo<br>\n<img decoding=\"async\" role=\"img\" class=\"emoji\" alt=\"\u2705\" src=\"https:\/\/s.w.org\/images\/core\/emoji\/16.0.1\/svg\/2705.svg\"> M\u00e9todo propio basado en cuerpo, mente y h\u00e1bitos<br>\n<img decoding=\"async\" role=\"img\" class=\"emoji\" alt=\"\u2705\" src=\"https:\/\/s.w.org\/images\/core\/emoji\/16.0.1\/svg\/2705.svg\"> Mentor 1:1 de transformaci\u00f3n emocional real<\/h2>\t\t\t\t<\/div>\n\t\t\t\t<div class=\"elementor-element elementor-element-307d573 elementor-widget elementor-widget-spacer\" data-id=\"307d573\" data-element_type=\"widget\" data-widget_type=\"spacer.default\">\n\t\t\t\t\t\t\t<div class=\"elementor-spacer\">\n\t\t\t<div class=\"elementor-spacer-inner\"><\/div>\n\t\t<\/div>\n\t\t\t\t\t\t<\/div>\n\t\t\t\t<div class=\"elementor-element elementor-element-9e66fa5 elementor-widget elementor-widget-heading\" data-id=\"9e66fa5\" data-element_type=\"widget\" data-widget_type=\"heading.default\">\n\t\t\t\t\t<h2 class=\"elementor-heading-title elementor-size-default\">Lo que incluye este reto:<\/h2>\t\t\t\t<\/div>\n\t\t<div class=\"elementor-element elementor-element-81c03a3 e-grid e-con-boxed e-con e-child\" data-id=\"81c03a3\" data-element_type=\"container\">\n\t\t\t\t\t<div class=\"e-con-inner\">\n\t\t\t\t<div class=\"elementor-element elementor-element-b73dc45 elementor-widget elementor-widget-heading\" data-id=\"b73dc45\" data-element_type=\"widget\" data-widget_type=\"heading.default\">\n\t\t\t\t\t<h2 class=\"elementor-heading-title elementor-size-default\">DIA 1<br>\n<img decoding=\"async\" role=\"img\" class=\"emoji\" alt=\"\u2705\" src=\"https:\/\/s.w.org\/images\/core\/emoji\/16.0.1\/svg\/2705.svg\"> Entrenamiento guiado <br>\n<img decoding=\"async\" role=\"img\" class=\"emoji\" alt=\"\u2705\" src=\"https:\/\/s.w.org\/images\/core\/emoji\/16.0.1\/svg\/2705.svg\"> Ejercicio emocional desbloqueo<br>\n<img decoding=\"async\" role=\"img\" class=\"emoji\" alt=\"\u2705\" src=\"https:\/\/s.w.org\/images\/core\/emoji\/16.0.1\/svg\/2705.svg\"> Ritual de ma\u00f1ana en PDF<br>\n<img decoding=\"async\" role=\"img\" class=\"emoji\" alt=\"\u2705\" src=\"https:\/\/s.w.org\/images\/core\/emoji\/16.0.1\/svg\/2705.svg\"> Acceso a grupo Whatsapp<br>\n<img decoding=\"async\" role=\"img\" class=\"emoji\" alt=\"\u2705\" src=\"https:\/\/s.w.org\/images\/core\/emoji\/16.0.1\/svg\/2705.svg\"> Mentoria 1:1 si agendas en 24h<\/h2>\t\t\t\t<\/div>\n\t\t\t\t<div class=\"elementor-element elementor-element-fa89b5a elementor-widget elementor-widget-heading\" data-id=\"fa89b5a\" data-element_type=\"widget\" data-widget_type=\"heading.default\">\n\t\t\t\t\t<h2 class=\"elementor-heading-title elementor-size-default\">DIA 2<br>\n<img decoding=\"async\" role=\"img\" class=\"emoji\" alt=\"\u2705\" src=\"https:\/\/s.w.org\/images\/core\/emoji\/16.0.1\/svg\/2705.svg\"> Activaci\u00f3n mental pr\u00e1ctica<br>\n<img decoding=\"async\" role=\"img\" class=\"emoji\" alt=\"\u2705\" src=\"https:\/\/s.w.org\/images\/core\/emoji\/16.0.1\/svg\/2705.svg\"> Plan base semanal de energia<br>\n<img decoding=\"async\" role=\"img\" class=\"emoji\" alt=\"\u2705\" src=\"https:\/\/s.w.org\/images\/core\/emoji\/16.0.1\/svg\/2705.svg\"> Gu\u00eda Anticaos en 15 minutos <br>\n<img decoding=\"async\" role=\"img\" class=\"emoji\" alt=\"\u2705\" src=\"https:\/\/s.w.org\/images\/core\/emoji\/16.0.1\/svg\/2705.svg\"> Soporte directo con Jony <br>\n<img decoding=\"async\" role=\"img\" class=\"emoji\" alt=\"\u2705\" src=\"https:\/\/s.w.org\/images\/core\/emoji\/16.0.1\/svg\/2705.svg\"> Llamada de cierre con plan de acci\u00f3n <\/h2>\t\t\t\t<\/div>\n\t\t\t\t\t<\/div>\n\t\t\t\t<\/div>\n\t\t\t\t\t<\/div>\n\t\t\t\t<\/div>\n\t\t<div class=\"elementor-element elementor-element-258d3ed e-flex e-con-boxed e-con e-parent\" data-id=\"258d3ed\" data-element_type=\"container\">\n\t\t\t\t\t<div class=\"e-con-inner\">\n\t\t\t\t<div class=\"elementor-element elementor-element-06a77bd elementor-widget elementor-widget-spacer\" data-id=\"06a77bd\" data-element_type=\"widget\" data-widget_type=\"spacer.default\">\n\t\t\t\t\t\t\t<div class=\"elementor-spacer\">\n\t\t\t<div class=\"elementor-spacer-inner\"><\/div>\n\t\t<\/div>\n\t\t\t\t\t\t<\/div>\n\t\t\t\t\t<\/div>\n\t\t\t\t<\/div>\n\t\t<div class=\"elementor-element elementor-element-080cf4d e-con-full e-flex e-con e-parent\" data-id=\"080cf4d\" data-element_type=\"container\">\n\t\t\t\t<div class=\"elementor-element elementor-element-377c458 elementor-widget elementor-widget-heading\" data-id=\"377c458\" data-element_type=\"widget\" data-widget_type=\"heading.default\">\n\t\t\t\t\t<h2 class=\"elementor-heading-title elementor-size-default\">Garantia Brutal (Aunque es Gratis)<\/h2>\t\t\t\t<\/div>\n\t\t\t\t<div class=\"elementor-element elementor-element-f9bcd32 elementor-widget elementor-widget-heading\" data-id=\"f9bcd32\" data-element_type=\"widget\" data-widget_type=\"heading.default\">\n\t\t\t\t\t<h2 class=\"elementor-heading-title elementor-size-default\">Si en 2 d\u00edas no sientes tu abdomen m\u00e1s plano, m\u00e1s claridad mental y al menos\nuna reducci\u00f3n del 50% en tu ansiedad\u2026\nte regalo 1 mes de mentor\u00eda personalizada y te pago 1 mes de gimnasio.\nDe mi bolsillo.\n\u201d\nAs\u00ed de serio es esto.<\/h2>\t\t\t\t<\/div>\n\t\t\t\t<div class=\"elementor-element elementor-element-f469452 elementor-align-center elementor-widget elementor-widget-button\" data-id=\"f469452\" data-element_type=\"widget\" data-widget_type=\"button.default\">\n\t\t\t\t\t\t\t\t\t\t<a class=\"elementor-button elementor-button-link elementor-size-sm\" href=\"https:\/\/wa.link\/nxlkyr\">\n\t\t\t\t\t\t<span class=\"elementor-button-content-wrapper\">\n\t\t\t\t\t\t\t\t\t<span class=\"elementor-button-text\">\ud83d\ude80 HAZ EL RESET GRATIS \u2013 EMPIEZA HOY<\/span>\n\t\t\t\t\t<\/span>\n\t\t\t\t\t<\/a>\n\t\t\t\t\t\t\t\t<\/div>\n\t\t\t\t<div class=\"elementor-element elementor-element-35ce775 elementor-widget elementor-widget-spacer\" data-id=\"35ce775\" data-element_type=\"widget\" data-widget_type=\"spacer.default\">\n\t\t\t\t\t\t\t<div class=\"elementor-spacer\">\n\t\t\t<div class=\"elementor-spacer-inner\"><\/div>\n\t\t<\/div>\n\t\t\t\t\t\t<\/div>\n\t\t\t\t<div class=\"elementor-element elementor-element-741460e elementor-widget elementor-widget-heading\" data-id=\"741460e\" data-element_type=\"widget\" data-widget_type=\"heading.default\">\n\t\t\t\t\t<h2 class=\"elementor-heading-title elementor-size-default\">NO ESTAS ROTO<\/h2>\t\t\t\t<\/div>\n\t\t\t\t<div class=\"elementor-element elementor-element-638df6b elementor-widget elementor-widget-heading\" data-id=\"638df6b\" data-element_type=\"widget\" data-widget_type=\"heading.default\">\n\t\t\t\t\t<h2 class=\"elementor-heading-title elementor-size-default\">Solo est\u00e1s desordenado. \nY RESET\u2122 te vuelve a poner en tu sitio.<br>\nHaz clic. Entra al reto.\nY si entras, Jony no te suelta hasta que salgas nuevo.<\/h2>\t\t\t\t<\/div>\n\t\t\t\t<\/div>\n\t\t<div class=\"elementor-element elementor-element-c3abddf e-flex e-con-boxed e-con e-parent\" data-id=\"c3abddf\" data-element_type=\"container\">\n\t\t\t\t\t<div class=\"e-con-inner\">\n\t\t\t\t\t<\/div>\n\t\t\t\t<\/div>\n\t\t\t\t<\/div>\n\t\t","protected":false},"excerpt":{"rendered":"<p>RESET EXPRESS\u2122 Enciende tu cuerpo, tu mente y tu energ\u00eda en solo 48h Sin pagar nada y con garant\u00eda real https:\/\/youtu.be\/tKBdZbGjmo4?si=VMdBqgUS-zwH3VRQ \u00bfQu\u00e9 vas a desbloquear en este reto gratuito de 2 d\u00edas? Un entrenamiento guiado para encender tu cuerpo desde el d\u00eda 1 No m\u00e1s rutinas aleatorias. Aqu\u00ed recuperas conexi\u00f3n y enfoque con cada movimiento. [&hellip;]<\/p>\n","protected":false},"author":1,"featured_media":0,"parent":0,"menu_order":0,"comment_status":"closed","ping_status":"closed","template":"elementor_canvas","meta":{"footnotes":""},"class_list":["post-6","page","type-page","status-publish","hentry"],"yoast_head":"<!-- This site is optimized with the Yoast SEO plugin v25.5 - https:\/\/yoast.com\/wordpress\/plugins\/seo\/ -->\n<title>Jony Cardenas | Coaching Transformacional<\/title>\n<meta name=\"description\" content=\"Descubre RESET, El programa con el que Jony Cardenas te gu\u00eda a reprogramar tu identidad desde la ra\u00edz. Transforma tu mente, tu cuerpo y tu alma.\" \/>\n<meta name=\"robots\" content=\"index, follow, max-snippet:-1, max-image-preview:large, max-video-preview:-1\" \/>\n<link rel=\"canonical\" href=\"https:\/\/jonycardenas.com\/\" \/>\n<meta property=\"og:locale\" content=\"en_US\" \/>\n<meta property=\"og:type\" content=\"article\" \/>\n<meta property=\"og:title\" content=\"Jony Cardenas | Coaching Transformacional\" \/>\n<meta property=\"og:description\" content=\"Descubre RESET, El programa con el que Jony Cardenas te gu\u00eda a reprogramar tu identidad desde la ra\u00edz. Transforma tu mente, tu cuerpo y tu alma.\" \/>\n<meta property=\"og:url\" content=\"https:\/\/jonycardenas.com\/\" \/>\n<meta property=\"og:site_name\" content=\"Jony Cardenas\" \/>\n<meta property=\"article:modified_time\" content=\"2025-09-02T20:34:56+00:00\" \/>\n<meta property=\"og:image\" content=\"https:\/\/s.w.org\/images\/core\/emoji\/16.0.1\/svg\/2705.svg\" \/>\n<meta name=\"twitter:card\" content=\"summary_large_image\" \/>\n<meta name=\"twitter:label1\" content=\"Est. reading time\" \/>\n\t<meta name=\"twitter:data1\" content=\"7 minutes\" \/>\n<script type=\"application\/ld+json\" class=\"yoast-schema-graph\">{\"@context\":\"https:\/\/schema.org\",\"@graph\":[{\"@type\":\"WebPage\",\"@id\":\"https:\/\/jonycardenas.com\/\",\"url\":\"https:\/\/jonycardenas.com\/\",\"name\":\"Jony Cardenas | Coaching Transformacional\",\"isPartOf\":{\"@id\":\"https:\/\/jonycardenas.com\/#website\"},\"primaryImageOfPage\":{\"@id\":\"https:\/\/jonycardenas.com\/#primaryimage\"},\"image\":{\"@id\":\"https:\/\/jonycardenas.com\/#primaryimage\"},\"thumbnailUrl\":\"https:\/\/s.w.org\/images\/core\/emoji\/16.0.1\/svg\/2705.svg\",\"datePublished\":\"2025-07-29T22:50:21+00:00\",\"dateModified\":\"2025-09-02T20:34:56+00:00\",\"description\":\"Descubre RESET, El programa con el que Jony Cardenas te gu\u00eda a reprogramar tu identidad desde la ra\u00edz. Transforma tu mente, tu cuerpo y tu alma.\",\"breadcrumb\":{\"@id\":\"https:\/\/jonycardenas.com\/#breadcrumb\"},\"inLanguage\":\"en-US\",\"potentialAction\":[{\"@type\":\"ReadAction\",\"target\":[\"https:\/\/jonycardenas.com\/\"]}]},{\"@type\":\"ImageObject\",\"inLanguage\":\"en-US\",\"@id\":\"https:\/\/jonycardenas.com\/#primaryimage\",\"url\":\"https:\/\/s.w.org\/images\/core\/emoji\/16.0.1\/svg\/2705.svg\",\"contentUrl\":\"https:\/\/s.w.org\/images\/core\/emoji\/16.0.1\/svg\/2705.svg\"},{\"@type\":\"BreadcrumbList\",\"@id\":\"https:\/\/jonycardenas.com\/#breadcrumb\",\"itemListElement\":[{\"@type\":\"ListItem\",\"position\":1,\"name\":\"Home\",\"item\":\"https:\/\/jonycardenas.com\/\"},{\"@type\":\"ListItem\",\"position\":2,\"name\":\"Inicio\"}]},{\"@type\":\"WebSite\",\"@id\":\"https:\/\/jonycardenas.com\/#website\",\"url\":\"https:\/\/jonycardenas.com\/\",\"name\":\"Jony Cardenas\",\"description\":\"\",\"potentialAction\":[{\"@type\":\"SearchAction\",\"target\":{\"@type\":\"EntryPoint\",\"urlTemplate\":\"https:\/\/jonycardenas.com\/?s={search_term_string}\"},\"query-input\":{\"@type\":\"PropertyValueSpecification\",\"valueRequired\":true,\"valueName\":\"search_term_string\"}}],\"inLanguage\":\"en-US\"}]}<\/script>\n<!-- \/ Yoast SEO plugin. -->","yoast_head_json":{"title":"Jony Cardenas | Coaching Transformacional","description":"Descubre RESET, El programa con el que Jony Cardenas te gu\u00eda a reprogramar tu identidad desde la ra\u00edz. Transforma tu mente, tu cuerpo y tu alma.","robots":{"index":"index","follow":"follow","max-snippet":"max-snippet:-1","max-image-preview":"max-image-preview:large","max-video-preview":"max-video-preview:-1"},"canonical":"https:\/\/jonycardenas.com\/","og_locale":"en_US","og_type":"article","og_title":"Jony Cardenas | Coaching Transformacional","og_description":"Descubre RESET, El programa con el que Jony Cardenas te gu\u00eda a reprogramar tu identidad desde la ra\u00edz. Transforma tu mente, tu cuerpo y tu alma.","og_url":"https:\/\/jonycardenas.com\/","og_site_name":"Jony Cardenas","article_modified_time":"2025-09-02T20:34:56+00:00","og_image":[{"url":"https:\/\/s.w.org\/images\/core\/emoji\/16.0.1\/svg\/2705.svg","type":"","width":"","height":""}],"twitter_card":"summary_large_image","twitter_misc":{"Est. reading time":"7 minutes"},"schema":{"@context":"https:\/\/schema.org","@graph":[{"@type":"WebPage","@id":"https:\/\/jonycardenas.com\/","url":"https:\/\/jonycardenas.com\/","name":"Jony Cardenas | Coaching Transformacional","isPartOf":{"@id":"https:\/\/jonycardenas.com\/#website"},"primaryImageOfPage":{"@id":"https:\/\/jonycardenas.com\/#primaryimage"},"image":{"@id":"https:\/\/jonycardenas.com\/#primaryimage"},"thumbnailUrl":"https:\/\/s.w.org\/images\/core\/emoji\/16.0.1\/svg\/2705.svg","datePublished":"2025-07-29T22:50:21+00:00","dateModified":"2025-09-02T20:34:56+00:00","description":"Descubre RESET, El programa con el que Jony Cardenas te gu\u00eda a reprogramar tu identidad desde la ra\u00edz. Transforma tu mente, tu cuerpo y tu alma.","breadcrumb":{"@id":"https:\/\/jonycardenas.com\/#breadcrumb"},"inLanguage":"en-US","potentialAction":[{"@type":"ReadAction","target":["https:\/\/jonycardenas.com\/"]}]},{"@type":"ImageObject","inLanguage":"en-US","@id":"https:\/\/jonycardenas.com\/#primaryimage","url":"https:\/\/s.w.org\/images\/core\/emoji\/16.0.1\/svg\/2705.svg","contentUrl":"https:\/\/s.w.org\/images\/core\/emoji\/16.0.1\/svg\/2705.svg"},{"@type":"BreadcrumbList","@id":"https:\/\/jonycardenas.com\/#breadcrumb","itemListElement":[{"@type":"ListItem","position":1,"name":"Home","item":"https:\/\/jonycardenas.com\/"},{"@type":"ListItem","position":2,"name":"Inicio"}]},{"@type":"WebSite","@id":"https:\/\/jonycardenas.com\/#website","url":"https:\/\/jonycardenas.com\/","name":"Jony Cardenas","description":"","potentialAction":[{"@type":"SearchAction","target":{"@type":"EntryPoint","urlTemplate":"https:\/\/jonycardenas.com\/?s={search_term_string}"},"query-input":{"@type":"PropertyValueSpecification","valueRequired":true,"valueName":"search_term_string"}}],"inLanguage":"en-US"}]}},"_links":{"self":[{"href":"https:\/\/jonycardenas.com\/index.php?rest_route=\/wp\/v2\/pages\/6","targetHints":{"allow":["GET"]}}],"collection":[{"href":"https:\/\/jonycardenas.com\/index.php?rest_route=\/wp\/v2\/pages"}],"about":[{"href":"https:\/\/jonycardenas.com\/index.php?rest_route=\/wp\/v2\/types\/page"}],"author":[{"embeddable":true,"href":"https:\/\/jonycardenas.com\/index.php?rest_route=\/wp\/v2\/users\/1"}],"replies":[{"embeddable":true,"href":"https:\/\/jonycardenas.com\/index.php?rest_route=%2Fwp%2Fv2%2Fcomments&post=6"}],"version-history":[{"count":5,"href":"https:\/\/jonycardenas.com\/index.php?rest_route=\/wp\/v2\/pages\/6\/revisions"}],"predecessor-version":[{"id":75,"href":"https:\/\/jonycardenas.com\/index.php?rest_route=\/wp\/v2\/pages\/6\/revisions\/75"}],"wp:attachment":[{"href":"https:\/\/jonycardenas.com\/index.php?rest_route=%2Fwp%2Fv2%2Fmedia&parent=6"}],"curies":[{"name":"wp","href":"https:\/\/api.w.org\/{rel}","templated":true}]}}